 s be (x/(-6) + -4)*3. Let r be k(s). What is the greatest common factor of 9 and r?
9
Let i(n) = n**2 + 6*n - 133. Let c be i(-19). Calculate the greatest common factor of 608 and c.
38
Suppose 0 = -3*i + 3*z + 51, -2*z = -2*i - 5*z + 49. Suppose 0 = 3*m + 1 - 7, 0 = 3*s + 2*m - 154. What is the highest common factor of s and i?
10
Suppose 147 - 159 = -p. Calculate the highest common divisor of 68 and p.
4
Suppose 321 + 624 = 15*h. Calculate the highest common divisor of h and 49.
7
Suppose -29*z + 672 = -z. Let x(h) = h**3 - 5*h**2 - 6*h + 3. Let u be x(6). What is the highest common factor of u and z?
3
Let y(g) = 6*g**2 + 21*g. Let b be y(-5). Calculate the highest common factor of b and 360.
45
Let i(y) = -53*y + 12. Let v be i(-26). What is the highest common divisor of v and 10?
10
Suppose 2*z - 42 - 54 = 0. Let d = 12 - 8. Suppose -n = 2*n - d*b - 10, -n + 2*b = -2. Calculate the greatest common factor of z and n.
6
Let m = -700 - -1305. Suppose -43 = -9*x + m. What is the greatest common factor of x and 8?
8
Suppose 2*y = 5*t - 23, -3*y + 1 - 4 = 3*t. Suppose -t*b = -0*b + 48. Let a be -4*2/b*2. Calculate the highest common divisor of a and 7.
1
Suppose -10*r - 8*r + 360 = 0. What is the greatest common divisor of r and 420?
20
Let s = 74 + -64. Let r be (-1*55)/(1/(2/(-1))). Calculate the highest common factor of s and r.
10
Let s be 16/2*(17 + (-418)/88). Calculate the highest common divisor of 126 and s.
14
Let h be (3*(-5)/30)/((-1)/6). Suppose 3*z = 3*m - 264, -m + 66 + 16 = -h*z. Calculate the highest common factor of m and 13.
13
Let s(v) = -2*v**3 + 6*v**2 + 5*v - 7. Suppose 3*o + 3 = -2*b, b - o = 5*b - 9. Let k be s(b). Calculate the greatest common divisor of 12 and k.
4
Let f be ((-212)/(-636))/((-3)/(-90)). Suppose i - 10 = -i, 0 = -3*z + 3*i - 27. Let p = -2 - z. What is the greatest common divisor of p and f?
2
Let j(k) be the second derivative of k**4/4 + 13*k**3/6 + 3*k**2/2 - 29*k. Let p be j(-6). What is the greatest common divisor of 44 and p?
11
Let a = 2195 + -1300. Suppose -4*d + a = 5*m, -4*d + 4*m - 671 = -7*d. What is the greatest common factor of 25 and d?
25
Let u(b) = 8*b**2 + 37*b + 242. Let t be u(-11). What is the greatest common factor of 73 and t?
73
Suppose i - 1612 = -5*d - 2*i, 5*i + 1620 = 5*d. What is the highest common divisor of 17 and d?
17
Let c be (-1 - 3/(-3))/(-1). Suppose 4*g + f = 3*f + 12, -2*g + 5*f + 14 = c. Suppose 11 = 3*h - g*h. What is the highest common divisor of h and 88?
11
Let l = 102 + -72. Calculate the highest common divisor of 80 and l.
10
Let d be -6*1*(-4)/2. Let f be ((-3)/15)/(-1) - (-862)/(-10). Let u = f - -218. Calculate the highest common factor of u and d.
12
Let v(j) = -143*j + 2. Let o be v(-2). Let t(i) = -2*i**2 - 156*i - 1224. Let f be t(-69). What is the highest common divisor of f and o?
18
Suppose 0 = 21*f - 26*f + 50. Suppose f*z + 15 = 7*z. Let q(j) = -j**3 + 12*j + 5. Let d be q(z). Calculate the highest common factor of 14 and d.
14
Suppose 1297 = 5*k + 2*s, 3*k - 11*s + 9*s - 791 = 0. What is the greatest common divisor of k and 58?
29
Let l be 40/(-60) - (-232)/6. Let a be -3*((1 - -2) + -4). Let q be 105/6 + a/2. Calculate the greatest common factor of q and l.
19
Suppose p + 5*i - 101 = 0, 5*p + 2*i = i + 577. Suppose 4*u = 3*d + p, 0*u - u = 5*d - 6. What is the greatest common divisor of u and 130?
26
Let o = 70 + -55. Let g be o + (1/1)/(3/(-3)). What is the highest common factor of g and 14?
14
Let b = 1985 + -1824. What is the greatest common divisor of 46 and b?
23
Let d be 7/2*(-16)/(-14). Suppose 2*t = d*w + 44, 3*w - 22 = -3*t - 2*w. Calculate the highest common factor of 7 and t.
7
Suppose -1014 = -45*t + 39*t. What is the greatest common divisor of 13 and t?
13
Let k = -25 + 37. Let j = 8 - 39. Let h = -19 - j. What is the greatest common factor of k and h?
12
Let m = 12 - 11. Let r be ((-126)/(-4) - 4/(-8))/m. Let v(b) = -6*b - 2. Let z be v(-3). Calculate the highest common divisor of z and r.
16
Let n be 45 - (1 - (2 - 1)). Suppose 72780 = 436*q - 143040. Calculate the greatest common divisor of q and n.
45
Let k be 4/(-14) + (-1518)/(-21). Suppose -181 = 8*x - 1621. What is the greatest common divisor of k and x?
36
Let n(x) = 1 + 841*x - 13 - 836*x. Let z be n(6). What is the highest common divisor of z and 18?
18
Let m be (1/((-4)/9))/(5/(-20)). Calculate the highest common factor of m and 72.
9
Let y = 15 - 5. Let u = y + 1. Let p = 26 - 25. What is the greatest common factor of p and u?
1
Let q(g) = 8*g + 196. Let y be q(-20). Calculate the highest common divisor of y and 612.
36
Let g = -34 - -82. Suppose 64 = -5*m + 9*m. What is the highest common factor of m and g?
16
Suppose 3*n + 53 = 2*n - 5*l, -49 = n + 4*l. Let v = -28 - n. Calculate the highest common factor of v and 40.
5
Suppose 0 = 2*d + 24*d - 936. Calculate the greatest common divisor of 84 and d.
12
Suppose 0 = 3*r + 2 - 5. Let p = r - 21. Let o = -8 - p. What is the highest common divisor of 12 and o?
12
Suppose 5*d = -4*l - 1743, 0 = -2*l - 2*l + 4*d - 1716. Let y be ((-22)/6)/(6/l). Calculate the greatest common divisor of 24 and y.
24
Suppose -3*l + 24*q - 27*q + 390 = 0, -2*l = q - 262. Let o(z) = z**3 + 5*z**2 + 2*z + 22. Let n be o(-5). Calculate the highest common factor of l and n.
12
Suppose 2*n - 70 = -3*n. Suppose -3*y + 3 = 0, -3*a = -2*y - 41 - n. Calculate the highest common divisor of 209 and a.
19
Let p be (1 + 17)*(-14)/(224/(-72)). Calculate the highest common divisor of p and 1863.
81
Let x(w) = 156*w - 60. Let g be x(3). What is the highest common factor of 24 and g?
24
Suppose 30*b + 75 = 38*b - 13. Let m = 38 + -16. Calculate the greatest common factor of m and b.
11
Let a(d) = -d**3 - 5*d**2 + 6. Let p be a(-5). Suppose 0 = -m + p*m - 25. Let i(t) = -t + 45. Let s be i(0). What is the highest common divisor of s and m?
5
Let m = -211 + 245. Calculate the greatest common divisor of 17 and m.
17
Suppose 2*r - 2*w = 122, 2*r - 3*r = -5*w - 65. What is the greatest common divisor of r and 210?
30
Let i = 31 - -1. Calculate the greatest common divisor of i and 784.
16
Let b(a) = -10*a - 12. Let f be b(-5). Suppose -y - w = -5*y + 51, 3*y = w + f. Let j = 132 - -11. What is the greatest common divisor of y and j?
13
Let x be 2888/475 + 6/(-75). Let k be (8/(-10))/((-2)/5). Calculate the greatest common divisor of x and k.
2
Let c(n) = -310*n - 279. Let p be c(-6). Calculate the highest common factor of 34 and p.
17
Let p = -1160 - -1763. What is the highest common divisor of p and 134?
67
Let h(j) be the third derivative of j**5/30 - j**4/6 - j**3/2 + 6*j**2. Let g be h(-2). What is the highest common factor of 104 and g?
13
Let a be 22/2 - 49/7. What is the highest common factor of 124 and a?
4
Let l = 18 + -17. Suppose -n = l - 79. What is the highest common divisor of 195 and n?
39
Let i be (-9)/(-6)*350/25. What is the highest common factor of i and 651?
21
Let m = 61 + 82. Suppose -1153*d + 1156*d - 89 = -5*i, 40 = 5*d. Calculate the highest common divisor of m and i.
13
Suppose 16*n - 504 = 8*n. What is the greatest common divisor of 126 and n?
63
Suppose 2*o - 14 = 26. Let l be (-5)/(o/(-109)) - 2/8. Suppose 2*s - 21 = 5*r, -4*s + 87 = 7*r - 2*r. What is the greatest common divisor of s and l?
9
Suppose -53*x + 54*x = 16. Suppose 7*o + x = 11*o. Calculate the highest common factor of o and 28.
4
Let t = -38 - -43. Suppose -10 = -t*c, -2*b - 105 = -3*c - 309. Calculate the greatest common factor of 21 and b.
21
Suppose 4*r = 4*l + 3*r + 68, -20 = 5*r. Let y(n) = -2*n - 25. Let v be y(l). Calculate the greatest common factor of 66 and v.
11
Suppose 5*r + 25 = -5*y + 3*r, 4*y + 5*r = -37. Let w be ((-54)/(-9))/(y/(-10)). Calculate the highest common divisor of w and 50.
10
Suppose 3*p + 10 = q, q + 5*p = 4*q - 26. Suppose q*g = 12*g - 150. Calculate the highest common factor of g and 30.
30
Let t be (-2 - 12)*((-75)/10 + 7). Calculate the highest common factor of 56 and t.
7
Let w(o) = -2*o**2 + 84*o - 10. Let t be w(39). Calculate the greatest common divisor of 32 and t.
32
Let d be (25/(1750/28))/((-1)/(-2560)). What is the greatest common divisor of 4 and d?
4
Suppose -39*p = -10891 - 14693. Calculate the highest common factor of 64 a